{"id":117,"date":"2010-06-25T18:43:07","date_gmt":"2010-06-25T18:43:07","guid":{"rendered":"http:\/\/ucci.santarosa.rs.gov.br\/?page_id=117"},"modified":"2025-03-17T11:47:26","modified_gmt":"2025-03-17T11:47:26","slug":"integrantes","status":"publish","type":"page","link":"https:\/\/ucci.santarosa.rs.gov.br\/?page_id=117","title":{"rendered":"Integrantes"},"content":{"rendered":"<ul>\n<li><strong>Leandro Junges<br \/>\n<\/strong><\/li>\n<\/ul>\n<p>Cargo: Contador<br \/>\nMatr\u00edcula: 433624-0<br \/>\nFun\u00e7\u00e3o:\u00a0Coordenador da UCCI<br \/>\n\u00c1rea de Concentra\u00e7\u00e3o: Contabilidade e Auditoria<br \/>\nRamal: 990650<\/p>\n<ul>\n<li><strong>Gracieli Marisa Rambo Puiatti<\/strong><\/li>\n<\/ul>\n<p>Cargo: Administradora<br \/>\nMatr\u00edcula: 857149-0<br \/>\nFun\u00e7\u00e3o: Integrante da UCCI<br \/>\n\u00c1rea de Concentra\u00e7\u00e3o: Planejamento e Gest\u00e3o<br \/>\nRamal: 990650<\/p>\n<ul>\n<li><strong>Marconi Rafael de Souza<\/strong><\/li>\n<\/ul>\n<p>Cargo: Agente de Controle Interno<br \/>\nMatr\u00edcula: 303399-0<br \/>\nFun\u00e7\u00e3o:\u00a0Integrante da UCCI<br \/>\n\u00c1rea de Concentra\u00e7\u00e3o: Jur\u00eddico e Controle<br \/>\nRamal: 990650<\/p>\n<p>Obs.: Todos os servidores atuam exclusivamente na Unidade Central de Controle Interno<\/p>\n<p>Portaria n\u00ba 283, de 12 de mar\u00e7o de 2025, publicada no Di\u00e1rio Oficial em 13\/03\/2025:<\/p>\n<p><a href=\"https:\/\/santarosa.atende.net\/diariooficial\/edicao\/651\/texto\/52949\">https:\/\/santarosa.atende.net\/diariooficial\/edicao\/651\/texto\/52949<\/a><\/p>\n","protected":false},"excerpt":{"rendered":"<p>Leandro Junges Cargo: Contador Matr\u00edcula: 433624-0 Fun\u00e7\u00e3o:\u00a0Coordenador da UCCI \u00c1rea de Concentra\u00e7\u00e3o: Contabilidade e Auditoria Ramal: 990650 Gracieli Marisa Rambo Puiatti Cargo: Administradora Matr\u00edcula: 857149-0 Fun\u00e7\u00e3o: Integrante da UCCI \u00c1rea de Concentra\u00e7\u00e3o: Planejamento e Gest\u00e3o Ramal: 990650 Marconi Rafael de&#8230; <a href=\"https:\/\/ucci.santarosa.rs.gov.br\/?page_id=117\" class=\"readmore\">Leia Mais<span class=\"screen-reader-text\">Integrantes<\/span><span class=\"fa fa-angle-double-right\" aria-hidden=\"true\"><\/span><\/a><\/p>\n","protected":false},"author":2,"featured_media":0,"parent":128,"menu_order":2,"comment_status":"closed","ping_status":"closed","template":"","meta":{"footnotes":""},"_links":{"self":[{"href":"https:\/\/ucci.santarosa.rs.gov.br\/index.php?rest_route=\/wp\/v2\/pages\/117"}],"collection":[{"href":"https:\/\/ucci.santarosa.rs.gov.br\/index.php?rest_route=\/wp\/v2\/pages"}],"about":[{"href":"https:\/\/ucci.santarosa.rs.gov.br\/index.php?rest_route=\/wp\/v2\/types\/page"}],"author":[{"embeddable":true,"href":"https:\/\/ucci.santarosa.rs.gov.br\/index.php?rest_route=\/wp\/v2\/users\/2"}],"replies":[{"embeddable":true,"href":"https:\/\/ucci.santarosa.rs.gov.br\/index.php?rest_route=%2Fwp%2Fv2%2Fcomments&post=117"}],"version-history":[{"count":25,"href":"https:\/\/ucci.santarosa.rs.gov.br\/index.php?rest_route=\/wp\/v2\/pages\/117\/revisions"}],"predecessor-version":[{"id":1105,"href":"https:\/\/ucci.santarosa.rs.gov.br\/index.php?rest_route=\/wp\/v2\/pages\/117\/revisions\/1105"}],"up":[{"embeddable":true,"href":"https:\/\/ucci.santarosa.rs.gov.br\/index.php?rest_route=\/wp\/v2\/pages\/128"}],"wp:attachment":[{"href":"https:\/\/ucci.santarosa.rs.gov.br\/index.php?rest_route=%2Fwp%2Fv2%2Fmedia&parent=117"}],"curies":[{"name":"wp","href":"https:\/\/api.w.org\/{rel}","templated":true}]}}